{"id":3,"date":"2025-01-24T12:50:32","date_gmt":"2025-01-24T11:50:32","guid":{"rendered":"http:\/\/laplumeveterinaire.fr\/?page_id=3"},"modified":"2025-02-03T16:28:17","modified_gmt":"2025-02-03T15:28:17","slug":"politique-de-confidentialite","status":"publish","type":"page","link":"https:\/\/www.laplumeveterinaire.fr\/?page_id=3","title":{"rendered":"Politique de confidentialit\u00e9"},"content":{"rendered":"\n<div class=\"wp-block-group alignwide is-layout-flow wp-block-group-is-layout-flow\">\n<h2 class=\"wp-block-heading\">Qui sommes-nous\u00a0?<\/h2>\n\n\n\n<p>L\u2019adresse de notre site est\u00a0: https:\/\/www.laplumeveterinaire.fr.<\/p>\n\n\n\n<h2 class=\"wp-block-heading\">Donn\u00e9es collect\u00e9es <\/h2>\n\n\n\n<p>Lorsque vous utilisez notre formulaire de contact, nous collectons les informations suivantes :<\/p>\n\n\n\n<ul class=\"wp-block-list\">\n<li>Nom et pr\u00e9nom (si fournis)<\/li>\n\n\n\n<li>Adresse e-mail<\/li>\n\n\n\n<li>Entreprise<\/li>\n\n\n\n<li>Message envoy\u00e9 via le formulaire<\/li>\n<\/ul>\n\n\n\n<p>Nous ne collectons aucune autre donn\u00e9e personnelle de mani\u00e8re automatique (pas de cookies de suivi, d\u2019outils analytiques, ou de connexion utilisateur).<\/p>\n<\/div>\n\n\n\n<div class=\"wp-block-group alignwide is-layout-flow wp-block-group-is-layout-flow\">\n<h2 class=\"wp-block-heading\">Commentaires<\/h2>\n\n\n\n<p>Quand vous laissez un commentaire sur notre site, les donn\u00e9es inscrites dans le formulaire de commentaire, ainsi que votre adresse IP et l\u2019agent utilisateur de votre navigateur sont collect\u00e9s pour nous aider \u00e0 la d\u00e9tection des commentaires ind\u00e9sirables.<\/p>\n\n\n\n<p>Une cha\u00eene anonymis\u00e9e cr\u00e9\u00e9e \u00e0 partir de votre adresse e-mail (\u00e9galement appel\u00e9e hash) peut \u00eatre envoy\u00e9e au service Gravatar pour v\u00e9rifier si vous utilisez ce dernier. Les clauses de confidentialit\u00e9 du service Gravatar sont disponibles ici&nbsp;: https:\/\/automattic.com\/privacy\/. Apr\u00e8s validation de votre commentaire, votre photo de profil sera visible publiquement \u00e0 cot\u00e9 de votre commentaire.<\/p>\n<\/div>\n\n\n\n<div class=\"wp-block-group alignwide is-layout-flow wp-block-group-is-layout-flow\">\n<h2 class=\"wp-block-heading\">M\u00e9dias<\/h2>\n\n\n\n<p>Si vous t\u00e9l\u00e9versez des images sur le site, nous vous conseillons d\u2019\u00e9viter de t\u00e9l\u00e9verser des images contenant des donn\u00e9es EXIF de coordonn\u00e9es GPS. Les personnes visitant votre site peuvent t\u00e9l\u00e9charger et extraire des donn\u00e9es de localisation depuis ces images.<\/p>\n<\/div>\n\n\n\n<div class=\"wp-block-group alignwide is-layout-flow wp-block-group-is-layout-flow\">\n<h2 class=\"wp-block-heading\">Cookies<\/h2>\n\n\n\n<p>Si vous d\u00e9posez un commentaire sur notre site, il vous sera propos\u00e9 d\u2019enregistrer votre nom, adresse e-mail et site dans des cookies. C\u2019est uniquement pour votre confort afin de ne pas avoir \u00e0 saisir ces informations si vous d\u00e9posez un autre commentaire plus tard. Ces cookies expirent au bout d\u2019un an.<\/p>\n<\/div>\n\n\n\n<div class=\"wp-block-group alignwide is-layout-flow wp-block-group-is-layout-flow\">\n<h2 class=\"wp-block-heading\">Contenu embarqu\u00e9 depuis d\u2019autres sites<\/h2>\n\n\n\n<p>Les articles de ce site peuvent inclure des contenus int\u00e9gr\u00e9s (par exemple des vid\u00e9os, images, articles\u2026). Le contenu int\u00e9gr\u00e9 depuis d\u2019autres sites se comporte de la m\u00eame mani\u00e8re que si le visiteur se rendait sur cet autre site.<\/p>\n\n\n\n<p>Ces sites web pourraient collecter des donn\u00e9es sur vous, utiliser des cookies, embarquer des outils de suivis tiers, suivre vos interactions avec ces contenus embarqu\u00e9s si vous disposez d\u2019un compte connect\u00e9 sur leur site web.<\/p>\n<\/div>\n\n\n\n<div class=\"wp-block-group alignwide is-layout-flow wp-block-group-is-layout-flow\">\n<h2 class=\"wp-block-heading\">Utilisation de vos donn\u00e9es personnelles<\/h2>\n\n\n\n<p>Les donn\u00e9es collect\u00e9es via le formulaire de contact sont utilis\u00e9es uniquement pour r\u00e9pondre \u00e0 votre demande et ne sont pas partag\u00e9es avec des tiers. Elles ne sont conserv\u00e9es que le temps n\u00e9cessaire au traitement de votre requ\u00eate.<\/p>\n<\/div>\n\n\n\n<div class=\"wp-block-group alignwide is-layout-flow wp-block-group-is-layout-flow\">\n<h2 class=\"wp-block-heading\">Dur\u00e9es de stockage de vos donn\u00e9es<\/h2>\n\n\n\n<p>Si vous laissez un commentaire, le commentaire et ses m\u00e9tadonn\u00e9es sont conserv\u00e9s ind\u00e9finiment. Cela permet de reconna\u00eetre et approuver automatiquement les commentaires suivants au lieu de les laisser dans la file de mod\u00e9ration.<\/p>\n<\/div>\n\n\n\n<div class=\"wp-block-group alignwide is-layout-flow wp-block-group-is-layout-flow\">\n<h2 class=\"wp-block-heading\">Les droits que vous avez sur vos donn\u00e9es<\/h2>\n\n\n\n<p>Si vous avez laiss\u00e9 des commentaires sur le site, vous pouvez demander \u00e0 recevoir un fichier contenant toutes les donn\u00e9es personnelles que nous poss\u00e9dons \u00e0 votre sujet, incluant celles que vous nous avez fournies. Vous pouvez \u00e9galement demander la suppression des donn\u00e9es personnelles vous concernant. Cela ne prend pas en compte les donn\u00e9es stock\u00e9es \u00e0 des fins administratives, l\u00e9gales ou pour des raisons de s\u00e9curit\u00e9.<\/p>\n\n\n\n<p>Conform\u00e9ment au R\u00e8glement G\u00e9n\u00e9ral sur la Protection des Donn\u00e9es (RGPD), vous disposez des droits suivants :<\/p>\n\n\n\n<ul class=\"wp-block-list\">\n<li>Acc\u00e9der aux donn\u00e9es vous concernant<\/li>\n\n\n\n<li>Demander leur correction ou suppression<\/li>\n\n\n\n<li>Vous opposer \u00e0 leur traitement<\/li>\n<\/ul>\n\n\n\n<p>Pour exercer ces droits, veuillez nous contacter \u00e0 contact@laplumeveterinaire.fr.<\/p>\n<\/div>\n\n\n\n<div class=\"wp-block-group alignwide is-layout-flow wp-block-group-is-layout-flow\">\n<h2 class=\"wp-block-heading\">Transmission de vos donn\u00e9es personnelles<\/h2>\n\n\n\n<p>Les commentaires des visiteurs peuvent \u00eatre v\u00e9rifi\u00e9s \u00e0 l\u2019aide d\u2019un service automatis\u00e9 de d\u00e9tection des commentaires ind\u00e9sirables.<\/p>\n<\/div>\n","protected":false},"excerpt":{"rendered":"<p>Qui sommes-nous\u00a0? L\u2019adresse de notre site est\u00a0: https:\/\/www.laplumeveterinaire.fr. Donn\u00e9es collect\u00e9es Lorsque vous utilisez notre formulaire de contact, nous collectons les informations suivantes : Nous ne collectons aucune autre donn\u00e9e personnelle de mani\u00e8re automatique (pas de cookies de suivi, d\u2019outils analytiques, ou de connexion utilisateur). Commentaires Quand vous laissez un commentaire sur notre site, les donn\u00e9es [&hellip;]<\/p>\n","protected":false},"author":1,"featured_media":0,"parent":0,"menu_order":0,"comment_status":"closed","ping_status":"open","template":"","meta":{"footnotes":""},"class_list":["post-3","page","type-page","status-publish","hentry"],"yoast_head":"<!-- This site is optimized with the Yoast SEO plugin v27.4 - https:\/\/yoast.com\/product\/yoast-seo-wordpress\/ -->\n<title>Politique de confidentialit\u00e9 - La plume v\u00e9t\u00e9rinaire<\/title>\n<meta name=\"robots\" content=\"index, follow, max-snippet:-1, max-image-preview:large, max-video-preview:-1\" \/>\n<link rel=\"canonical\" href=\"https:\/\/www.laplumeveterinaire.fr\/?page_id=3\" \/>\n<meta property=\"og:locale\" content=\"fr_FR\" \/>\n<meta property=\"og:type\" content=\"article\" \/>\n<meta property=\"og:title\" content=\"Politique de confidentialit\u00e9 - La plume v\u00e9t\u00e9rinaire\" \/>\n<meta property=\"og:description\" content=\"Qui sommes-nous\u00a0? L\u2019adresse de notre site est\u00a0: https:\/\/www.laplumeveterinaire.fr. Donn\u00e9es collect\u00e9es Lorsque vous utilisez notre formulaire de contact, nous collectons les informations suivantes : Nous ne collectons aucune autre donn\u00e9e personnelle de mani\u00e8re automatique (pas de cookies de suivi, d\u2019outils analytiques, ou de connexion utilisateur). Commentaires Quand vous laissez un commentaire sur notre site, les donn\u00e9es [&hellip;]\" \/>\n<meta property=\"og:url\" content=\"https:\/\/www.laplumeveterinaire.fr\/?page_id=3\" \/>\n<meta property=\"og:site_name\" content=\"La plume v\u00e9t\u00e9rinaire\" \/>\n<meta property=\"article:publisher\" content=\"https:\/\/www.facebook.com\/profile.php?id=61572762295289\" \/>\n<meta property=\"article:modified_time\" content=\"2025-02-03T15:28:17+00:00\" \/>\n<meta name=\"twitter:card\" content=\"summary_large_image\" \/>\n<meta name=\"twitter:label1\" content=\"Dur\u00e9e de lecture estim\u00e9e\" \/>\n\t<meta name=\"twitter:data1\" content=\"3 minutes\" \/>\n<script type=\"application\/ld+json\" class=\"yoast-schema-graph\">{\"@context\":\"https:\\\/\\\/schema.org\",\"@graph\":[{\"@type\":\"WebPage\",\"@id\":\"https:\\\/\\\/www.laplumeveterinaire.fr\\\/?page_id=3\",\"url\":\"https:\\\/\\\/www.laplumeveterinaire.fr\\\/?page_id=3\",\"name\":\"Politique de confidentialit\u00e9 - La plume v\u00e9t\u00e9rinaire\",\"isPartOf\":{\"@id\":\"https:\\\/\\\/www.laplumeveterinaire.fr\\\/#website\"},\"datePublished\":\"2025-01-24T11:50:32+00:00\",\"dateModified\":\"2025-02-03T15:28:17+00:00\",\"breadcrumb\":{\"@id\":\"https:\\\/\\\/www.laplumeveterinaire.fr\\\/?page_id=3#breadcrumb\"},\"inLanguage\":\"fr-FR\",\"potentialAction\":[{\"@type\":\"ReadAction\",\"target\":[\"https:\\\/\\\/www.laplumeveterinaire.fr\\\/?page_id=3\"]}]},{\"@type\":\"BreadcrumbList\",\"@id\":\"https:\\\/\\\/www.laplumeveterinaire.fr\\\/?page_id=3#breadcrumb\",\"itemListElement\":[{\"@type\":\"ListItem\",\"position\":1,\"name\":\"Accueil\",\"item\":\"https:\\\/\\\/www.laplumeveterinaire.fr\\\/\"},{\"@type\":\"ListItem\",\"position\":2,\"name\":\"Politique de confidentialit\u00e9\"}]},{\"@type\":\"WebSite\",\"@id\":\"https:\\\/\\\/www.laplumeveterinaire.fr\\\/#website\",\"url\":\"https:\\\/\\\/www.laplumeveterinaire.fr\\\/\",\"name\":\"La plume v\u00e9t\u00e9rinaire\",\"description\":\"Des mots qui soignent votre communication\",\"publisher\":{\"@id\":\"https:\\\/\\\/www.laplumeveterinaire.fr\\\/#organization\"},\"potentialAction\":[{\"@type\":\"SearchAction\",\"target\":{\"@type\":\"EntryPoint\",\"urlTemplate\":\"https:\\\/\\\/www.laplumeveterinaire.fr\\\/?s={search_term_string}\"},\"query-input\":{\"@type\":\"PropertyValueSpecification\",\"valueRequired\":true,\"valueName\":\"search_term_string\"}}],\"inLanguage\":\"fr-FR\"},{\"@type\":\"Organization\",\"@id\":\"https:\\\/\\\/www.laplumeveterinaire.fr\\\/#organization\",\"name\":\"La plume v\u00e9t\u00e9rinaire\",\"url\":\"https:\\\/\\\/www.laplumeveterinaire.fr\\\/\",\"logo\":{\"@type\":\"ImageObject\",\"inLanguage\":\"fr-FR\",\"@id\":\"https:\\\/\\\/www.laplumeveterinaire.fr\\\/#\\\/schema\\\/logo\\\/image\\\/\",\"url\":\"http:\\\/\\\/www.laplumeveterinaire.fr\\\/wp-content\\\/uploads\\\/2025\\\/01\\\/cropped-Icone-du-site.png\",\"contentUrl\":\"http:\\\/\\\/www.laplumeveterinaire.fr\\\/wp-content\\\/uploads\\\/2025\\\/01\\\/cropped-Icone-du-site.png\",\"width\":512,\"height\":512,\"caption\":\"La plume v\u00e9t\u00e9rinaire\"},\"image\":{\"@id\":\"https:\\\/\\\/www.laplumeveterinaire.fr\\\/#\\\/schema\\\/logo\\\/image\\\/\"},\"sameAs\":[\"https:\\\/\\\/www.facebook.com\\\/profile.php?id=61572762295289\"]}]}<\/script>\n<!-- \/ Yoast SEO plugin. -->","yoast_head_json":{"title":"Politique de confidentialit\u00e9 - La plume v\u00e9t\u00e9rinaire","robots":{"index":"index","follow":"follow","max-snippet":"max-snippet:-1","max-image-preview":"max-image-preview:large","max-video-preview":"max-video-preview:-1"},"canonical":"https:\/\/www.laplumeveterinaire.fr\/?page_id=3","og_locale":"fr_FR","og_type":"article","og_title":"Politique de confidentialit\u00e9 - La plume v\u00e9t\u00e9rinaire","og_description":"Qui sommes-nous\u00a0? L\u2019adresse de notre site est\u00a0: https:\/\/www.laplumeveterinaire.fr. Donn\u00e9es collect\u00e9es Lorsque vous utilisez notre formulaire de contact, nous collectons les informations suivantes : Nous ne collectons aucune autre donn\u00e9e personnelle de mani\u00e8re automatique (pas de cookies de suivi, d\u2019outils analytiques, ou de connexion utilisateur). Commentaires Quand vous laissez un commentaire sur notre site, les donn\u00e9es [&hellip;]","og_url":"https:\/\/www.laplumeveterinaire.fr\/?page_id=3","og_site_name":"La plume v\u00e9t\u00e9rinaire","article_publisher":"https:\/\/www.facebook.com\/profile.php?id=61572762295289","article_modified_time":"2025-02-03T15:28:17+00:00","twitter_card":"summary_large_image","twitter_misc":{"Dur\u00e9e de lecture estim\u00e9e":"3 minutes"},"schema":{"@context":"https:\/\/schema.org","@graph":[{"@type":"WebPage","@id":"https:\/\/www.laplumeveterinaire.fr\/?page_id=3","url":"https:\/\/www.laplumeveterinaire.fr\/?page_id=3","name":"Politique de confidentialit\u00e9 - La plume v\u00e9t\u00e9rinaire","isPartOf":{"@id":"https:\/\/www.laplumeveterinaire.fr\/#website"},"datePublished":"2025-01-24T11:50:32+00:00","dateModified":"2025-02-03T15:28:17+00:00","breadcrumb":{"@id":"https:\/\/www.laplumeveterinaire.fr\/?page_id=3#breadcrumb"},"inLanguage":"fr-FR","potentialAction":[{"@type":"ReadAction","target":["https:\/\/www.laplumeveterinaire.fr\/?page_id=3"]}]},{"@type":"BreadcrumbList","@id":"https:\/\/www.laplumeveterinaire.fr\/?page_id=3#breadcrumb","itemListElement":[{"@type":"ListItem","position":1,"name":"Accueil","item":"https:\/\/www.laplumeveterinaire.fr\/"},{"@type":"ListItem","position":2,"name":"Politique de confidentialit\u00e9"}]},{"@type":"WebSite","@id":"https:\/\/www.laplumeveterinaire.fr\/#website","url":"https:\/\/www.laplumeveterinaire.fr\/","name":"La plume v\u00e9t\u00e9rinaire","description":"Des mots qui soignent votre communication","publisher":{"@id":"https:\/\/www.laplumeveterinaire.fr\/#organization"},"potentialAction":[{"@type":"SearchAction","target":{"@type":"EntryPoint","urlTemplate":"https:\/\/www.laplumeveterinaire.fr\/?s={search_term_string}"},"query-input":{"@type":"PropertyValueSpecification","valueRequired":true,"valueName":"search_term_string"}}],"inLanguage":"fr-FR"},{"@type":"Organization","@id":"https:\/\/www.laplumeveterinaire.fr\/#organization","name":"La plume v\u00e9t\u00e9rinaire","url":"https:\/\/www.laplumeveterinaire.fr\/","logo":{"@type":"ImageObject","inLanguage":"fr-FR","@id":"https:\/\/www.laplumeveterinaire.fr\/#\/schema\/logo\/image\/","url":"http:\/\/www.laplumeveterinaire.fr\/wp-content\/uploads\/2025\/01\/cropped-Icone-du-site.png","contentUrl":"http:\/\/www.laplumeveterinaire.fr\/wp-content\/uploads\/2025\/01\/cropped-Icone-du-site.png","width":512,"height":512,"caption":"La plume v\u00e9t\u00e9rinaire"},"image":{"@id":"https:\/\/www.laplumeveterinaire.fr\/#\/schema\/logo\/image\/"},"sameAs":["https:\/\/www.facebook.com\/profile.php?id=61572762295289"]}]}},"jetpack_sharing_enabled":true,"_links":{"self":[{"href":"https:\/\/www.laplumeveterinaire.fr\/index.php?rest_route=\/wp\/v2\/pages\/3","targetHints":{"allow":["GET"]}}],"collection":[{"href":"https:\/\/www.laplumeveterinaire.fr\/index.php?rest_route=\/wp\/v2\/pages"}],"about":[{"href":"https:\/\/www.laplumeveterinaire.fr\/index.php?rest_route=\/wp\/v2\/types\/page"}],"author":[{"embeddable":true,"href":"https:\/\/www.laplumeveterinaire.fr\/index.php?rest_route=\/wp\/v2\/users\/1"}],"replies":[{"embeddable":true,"href":"https:\/\/www.laplumeveterinaire.fr\/index.php?rest_route=%2Fwp%2Fv2%2Fcomments&post=3"}],"version-history":[{"count":1,"href":"https:\/\/www.laplumeveterinaire.fr\/index.php?rest_route=\/wp\/v2\/pages\/3\/revisions"}],"predecessor-version":[{"id":92,"href":"https:\/\/www.laplumeveterinaire.fr\/index.php?rest_route=\/wp\/v2\/pages\/3\/revisions\/92"}],"wp:attachment":[{"href":"https:\/\/www.laplumeveterinaire.fr\/index.php?rest_route=%2Fwp%2Fv2%2Fmedia&parent=3"}],"curies":[{"name":"wp","href":"https:\/\/api.w.org\/{rel}","templated":true}]}}